er when 50 is divided by d(f).
16
Let w = 10 - -27. What is the remainder when w is divided by 13?
11
Let v = 29 - 2. Calculate the remainder when v is divided by 15.
12
Let j(r) = r**3 + 5*r**2 - 7*r - 4. Let z be j(-6). Let h(y) = 2*y**2 - 3*y + 2. Calculate the remainder when 11 is divided by h(z).
3
Suppose 2*s - 2 - 48 = 2*f, f = -2*s - 37. What is the remainder when f/(-1) - (5 - 5) is divided by (4/(-10))/((-1)/25)?
9
Suppose -2*t - 3 + 17 = 3*l, l = -4*t + 28. Calculate the remainder when t is divided by 4 + (2 - 2) - 0.
3
Let m be 5*((-2 - -1) + 2). Let n(q) = 5*q + 0 + 0. Calculate the remainder when n(m) is divided by 13.
12
Suppose 3*k = 2*m - 32, 20 = 4*m + 3*k + 2*k. Calculate the remainder when 39 is divided by m.
9
Suppose 0 = 4*b - b + 4*i + 14, -14 = 5*b + 2*i. Let x = 86 - 49. What is the remainder when x is divided by (-57)/(-6) - b/4?
7
Suppose 4 = 3*q - 2. Let j be 0 - ((-4)/(-2) - 5). Let m = 5 - j. Calculate the remainder when m is divided by q.
0
Suppose -3*n - 269 = -4*j, -132 = -3*j + 3*n + 66. Calculate the remainder when j is divided by 18.
17
Let y = -1 - -9. Suppose -5*j + 100 = 3*x, -3*j + 8*j - 4*x = 135. Calculate the remainder when j is divided by y.
7
Let y = 12 - -9. Suppose -3*i + 0*i - y = o, -4*o + 4 = i. What is the remainder when 4 is divided by ((-6)/5)/(i/20)?
1
Let a(g) = -g**2 + 10*g + 14. Let j be a(11). What is the remainder when (j/(-9))/((-3)/441) is divided by 13?
10
Let q = -6 - 2. What is the remainder when (6/q)/(3/(-72)) is divided by 4?
2
Let t(j) = -j**2 - 5*j + 2. Let o = -5 + -1. Let h = o - -10. Calculate the remainder when t(-4) is divided by h.
2
Let o = 16 + -7. Calculate the remainder when -3 + 2 + (-27)/(-1) is divided by o.
8
Let c = -3 - -15. Suppose -4*s = -0*s - c. Suppose -19 = s*w - 76. What is the remainder when 36 is divided by w?
17
Let i(k) = -10*k - 1. Let p be i(1). Let m = -4 - p. What is the remainder when 19 is divided by m?
5
Suppose -5 = -j - 3. Let n be j*3/(-6)*0. Suppose 2*h - 17 = -n*h + r, -3*h - r = -38. Calculate the remainder when 32 is divided by h.
10
Let c = -53 + 74. What is the remainder when c is divided by (-13)/(-26)*(0 + 24)?
9
Suppose q - 2 = -4. Let o be 324/10 + q/5. Let b = -19 + o. Calculate the remainder when 25 is divided by b.
12
Let k = 25 + -14. Let p = -6 - -11. Suppose o - 1 = p. What is the remainder when k is divided by o?
5
Let r = -23 + 35. Suppose 8*z = 4*z. Suppose 4*k + z*k = 140. Calculate the remainder when k is divided by r.
11
Let w(c) = -c**3 + 6*c**2 + 8*c - 3. Let x be w(7). Suppose -4*l + l = x*i - 54, -l = -4*i - 2. Calculate the remainder when 40 is divided by l.
12
Suppose 0 = -a - 3 + 11. Let p(f) = 3*f + 1. What is the remainder when p(a) is divided by ((-65)/15)/((-1)/3)?
12
Suppose 15 = 2*p - 39. Calculate the remainder when 105 is divided by p.
24
Suppose -5*x = 4*n - 16, -4*n + 10 = 3*x - 2*n. Suppose 0 = -x*j + 2*j + 40. Calculate the remainder when 77 is divided by j.
17
Suppose 0 = -n + 2*a + 8, 0 = 5*n - 4*a + 7 - 35. Suppose -n*l + 3*l = -4. Calculate the remainder when 7 is divided by l.
3
Suppose 4*h + 2 = 18. Let j(q) = 3*q**2 - 3*q + 1. Let o be j(h). Suppose 0 = -5*k + 24 + 1, o = 3*t - 4*k. What is the remainder when 36 is divided by t?
17
Let h = -21 + 34. Calculate the remainder when h is divided by 4.
1
Suppose -4*j = -4 - 20. Let v(a) = 2*a - 7. Let b be v(j). Suppose -b*x - 2*w = -20, -3*x - 3*w + 4 + 8 = 0. Calculate the remainder when x is divided by 3.
1
What is the remainder when 15 is divided by 4/(8/10) - -1?
3
Let p(a) = a**3 - 6*a**2 - 8*a + 10. Let m be p(7). Let z(q) = -1 - 7*q**2 + q**3 + 4*q + m*q + 0*q**3. Calculate the remainder when z(6) is divided by 3.
2
Calculate the remainder when 51 is divided by 264/10 + (-2)/5.
25
Let w(i) = i**2 + 2*i - 3*i - i - 10*i + 8. Calculate the remainder when 31 is divided by w(12).
7
Let x be -1 - -3*(-2)/6. Let p = x - -8. Calculate the remainder when 17 is divided by p.
5
Let h(p) be the second derivative of 2*p**5/5 - p**4/6 + p**2/2 - p. Suppose -2*t - 13 = -3*t. Calculate the remainder when t is divided by h(1).
6
Suppose 5*w + 25 - 120 = 0. What is the remainder when 34 is divided by w?
15
Suppose 0 = -3*a - 0*a - 192. Let n = -15 - a. Suppose 3*h - 3*f + 7*f - 32 = 0, 4*h - f - n = 0. What is the remainder when 34 is divided by h?
10
Suppose 0*w = -3*w - h + 104, -4*w + 3*h + 156 = 0. What is the remainder when 107 is divided by w?
35
Suppose -19 = -2*i + 2*g + 9, -i + 4*g = -14. Calculate the remainder when 25 is divided by i.
11
Let n = 68 + -52. Let y(j) = j**2 - 3*j - 1. What is the remainder when n is divided by y(-2)?
7
Suppose 3*n - 95 = -38. What is the remainder when 74 is divided by n?
17
Suppose -4*t + 83 + 57 = 0. Calculate the remainder when t is divided by 9.
8
Suppose -54 = -w + 2*u, 2*u - 62 = -w - 24. Calculate the remainder when w is divided by 17.
12
Let y = 10 - 7. Suppose -6*v + 30 = -y*v. Calculate the remainder when 27 is divided by v.
7
Suppose 0 = -2*w + 4*w - 4. Let j be (-270)/(-35) + w/7. Calculate the remainder when 95/4 - (-2)/j is divided by 13.
11
Let w = -38 + 43. Calculate the remainder when 53 is divided by w.
3
Let i = 2 + -7. Suppose 10 + 2 = j. Calculate the remainder when (-2)/i + (-216)/(-10) is divided by j.
10
Let y = 5 + 3. Let h = 12 + 10. Suppose h + 53 = 5*l. What is the remainder when l is divided by y?
7
Suppose 3*j + 40 = 454. Let l = -88 + j. What is the remainder when l is divided by (13/(-4))/((-2)/8)?
11
Let r(g) = -g - 4. Suppose -3*y + 21 = -6*y. Let t be r(y). Let f(o) = -o**3 + 5*o**2 - 2*o. What is the remainder when 45 is divided by f(t)?
9
Let c(o) = -o**2 - 7*o - 6. Let u be c(-5). Suppose -24 = -4*a + u. Suppose -g + 5*g = 100. Calculate the remainder when g is divided by a.
4
Let y(c) = 2*c**2 - 5*c + 2. Suppose -d + 6 = 2. Let p = d + -1. What is the remainder when 9 is divided by y(p)?
4
Suppose -6 = -3*l, -i - l = i - 30. Suppose 4*p + 73 + 55 = 0. Calculate the remainder when (63/i)/((-3)/p) is divided by 25.
23
Let n(h) = -h + 4*h + 2*h - 4 - 3*h**2 + 4*h**2. Calculate the remainder when 39 is divided by n(-8).
19
Suppose 0 = 3*f - 28 - 17. Suppose -4*c + f = -45. Calculate the remainder when 44 is divided by c.
14
Let y(w) = 3*w**2 + 7*w + 6. Let o be y(-4). Suppose -2*p - f + o = 3*f, -5*p + 3*f = -39. Calculate the remainder when 33 is divided by p.
6
Let v(p) = 8*p**3 + 2*p**2 - 2*p + 2. Calculate the remainder when v(2) is divided by 12.
10
Let g = -19 + 19. Suppose g = 2*j - 6. Calculate the remainder when 3 is divided by j.
0
Let x(j) = j**3 + j. Let a be x(0). Suppose p - 10 = -c, 3*p - 3*c - 6 = -a*c. Calculate the remainder when 21 is divided by p.
3
Let n = -27 + 42. Calculate the remainder when 27 is divided by n.
12
Suppose 3*n - 94 = u, -n + 24 = -7*u + 3*u. Let g(a) = -a + 25. Let r be g(0). Suppose -30 = -5*h + r. Calculate the remainder when n is divided by h.
10
Let y = 37 - -9. Suppose 2*c - y + 16 = 0. What is the remainder when 59 is divided by c?
14
Suppose 292 + 261 = 7*y. Calculate the remainder when y is divided by 8.
7
Suppose -3 = -0*k - k. What is the remainder when 4/10 + 56/10 is divided by k?
0
Let r be (-4)/2 + (-16)/(-8). Let p be -1 - 1 - 3/(-1). Calculate the remainder when 23 is divided by 2 + (r - p*-11).
10
Let d(r) be the second derivative of r**4/3 + r**2/2 - r. Let k be d(1). Suppose 0 = -k*v + v + 4. What is the remainder when v is divided by 1?
0
Suppose -5*j = -j - 44. What is the remainder when j is divided by 6?
5
Let t(d) = 5*d - 1. What is the remainder when t(1) is divided by 1?
0
Let h = -28 - -53. Calculate the remainder when h is divided by 14.
11
Let w = 3 - 6. Let m be (w/2)/(2/(-4)). Suppose 0 = -3*i + m*n + 45, 5*n = -4*i - 7 + 31. What is the remainder when 20 is divided by i?
9
Suppose 0 = 4*l - 20, 0*l - l = d + 5. Let k be 4 + 1 + d + 7. Let t(z) = 6*z - 1. What is the remainder when 32 is divided by t(k)?
10
Suppose -3*i + 315 = -4*m, -525 = 2*i - 7*i - m. Suppose 0 = -4*k + 8. Suppose k*b - i = -33. Calculate the remainder when b is divided by 19.
17
Suppose 4*y = 96 + 12. Calculate the remainder when y is divided by 6.
3
Let v(q) = -q**2 + 9*q - 7. Let t be v(8). What is the remainder when 26 is divided by